. What is the ten thousands digit of h?
2
Let g(o) = 6*o**3 - 6*o**2 + 166*o - 53. What is the tens digit of g(8)?
6
Let h = -37104 - -81226. What is the thousands digit of h?
4
Suppose 0 = -6910*d + 6953*d - 1007361. What is the tens digit of d?
2
Let z be ((-325)/100)/((-1)/36). Suppose -z - 151 = -4*n + 5*j, -335 = -5*n - 3*j. What is the units digit of n?
7
Suppose 0 = -10*g - 30*g + 160. Suppose -2*w + r = -920, -r = 3*w - g*w + 460. What is the tens digit of w?
6
Suppose -4*o + 5*o - 2*z = 141, -4*z = 0. Suppose -139*m - 530 = -o*m. What is the units digit of m?
5
Let i(h) be the third derivative of 11*h**4/8 + h**3/2 - 5*h**2. Let w be i(-14). Let p = -249 - w. What is the hundreds digit of p?
2
Suppose 17819 = 33*n - 30526. Suppose 4*u - n = 3*p, -4*u + 0*u = 5*p - 1473. What is the hundreds digit of u?
3
Let a = -15121 + 17175. What is the thousands digit of a?
2
What is the hundreds digit of 11/(154/50288) - -7?
5
Suppose -j = -4*j + 96. Suppose -1 = -3*l + j. Let i = l - 9. What is the units digit of i?
2
Let n(r) = -r**3 - 20*r**2 - 23*r + 11. Let f be n(-10). Let g = 1555 + f. Suppose 0 = 4*s - 0*o + 2*o - g, 0 = 2*o. What is the tens digit of s?
9
Let c be (1 - 8/16)*2814. Let v = c - -53. What is the tens digit of v?
6
Let k = 43 + -37. Let s be k/15 + (-9)/(-15). What is the units digit of 19 - s - (7 + -2)?
3
Suppose 36*t - 46*t + 124018 = 3978. What is the tens digit of t?
0
What is the hundreds digit of 1/1*(16401 - (-143)/(-13))?
3
What is the units digit of (2420336/230)/(3 - (-1 - 36/(-10)))?
8
Suppose -4*h - 3023 = -5*v, -3*h - 5 = 1. Let x = -330 + v. What is the hundreds digit of x?
2
Suppose 72*v = 250111 + 340577. What is the thousands digit of v?
8
Suppose 0 = -160*p + 158*p + 82. Let n(g) = g**2 - 36*g - 85. What is the units digit of n(p)?
0
Let r(w) = -4*w**2 + 23*w - 21. Let a(x) = -3*x**2 + 22*x - 20. Let p(c) = -3*a(c) + 2*r(c). Let i be p(13). Let s = 159 + i. What is the tens digit of s?
8
Let x = 329 + -237. Suppose 0 = a - 200 + x. What is the hundreds digit of a?
1
Let w be -6*1/(1 - 0)*-1. Suppose w*y + 169 = 469. Suppose -148 = -4*s + 5*n, y = s + n + 4. What is the tens digit of s?
4
Let v = -761 + 1287. Suppose -2*d = 4*i - 2090, -i = 5*d + 17 - v. What is the tens digit of i?
2
What is the units digit of (16/(-48)*-179)/(2/114)?
1
Let z(x) = 214*x + 2. Let p be z(7). Let k = -2452 + 2466. Suppose k*j + j = p. What is the units digit of j?
0
Let r = -80 + 81. Let b(u) = u - 1. Let l(a) = -a**3 + 12*a**2 - 11*a - 9. Let h(q) = r*l(q) - 3*b(q). What is the units digit of h(10)?
4
Suppose -s - 2*y = -11762, -75*s + 70*s - 3*y + 58810 = 0. What is the hundreds digit of s?
7
Suppose 4*u - 15 - 5 = 0, 0 = 4*z - 3*u - 81241. What is the hundreds digit of z?
3
Suppose -3*o + 117732 + 125772 = -3*p, 0 = -2*o - 7*p + 162273. What is the tens digit of o?
6
What is the units digit of (-4258)/(-4)*-56*(-20)/80?
3
Suppose -7*b + 2*b + 64150 = r, 4*b - 320666 = -5*r. What is the units digit of r?
0
Suppose 0 = w - k - 2, 2*w + 6 = 22*k - 25*k. Let u(b) = -b**3 + 2*b**2 - 2*b + 1092. What is the thousands digit of u(w)?
1
Let m = 164 + 259. Suppose m*u - 416*u - 1057 = 0. What is the units digit of u?
1
Let u = 698 + -1249. Let n = 241 - u. What is the hundreds digit of n?
7
Let b = -6114 - -11384. Suppose 3*j - b = -1004. What is the hundreds digit of j?
4
Suppose 3*r - 15 = -2*r + 4*p, 0 = -3*p - 15. Let m(g) = -159*g**3 - 5*g**2 - 4*g. What is the tens digit of m(r)?
5
Suppose 0 = -7*i + 49, -2*i - 38181 = 22*f - 27*f. What is the thousands digit of f?
7
Let d(o) be the second derivative of -3*o**5/10 - o**2/2 + 22*o. Let v be d(-1). Suppose 2*u - v*u = -390. What is the hundreds digit of u?
1
Let h(f) = -f**3 - 105*f**2 + 313*f - 191. What is the units digit of h(-108)?
7
Let k = -4833 - -9409. Suppose 0 = -144*g + 148*g - k. What is the hundreds digit of g?
1
Let l be (1/(-2))/((-4)/(-288)). Let n(v) = -v**3 + 21*v**2 + 5*v - 20. Let z be n(21). Let a = l + z. What is the units digit of a?
9
Suppose -4*z + 55683 + 29297 = 0. What is the units digit of z?
5
What is the tens digit of 2945085/145 + 15/90 + (-68)/696?
1
Let a(n) = n**3 - 22*n**2 + 24*n - 35. Let b be a(21). What is the tens digit of (-4)/(-4) + 3 + 3*b?
8
Suppose -2*w = 4*i + 236, 3*w + 629 - 235 = 4*i. Let l = w - -24. Let k = -36 - l. What is the units digit of k?
6
Let c(s) = -6610*s - 2. Let j be c(-1). Suppose -8*m + j = 6*m. What is the tens digit of m?
7
Suppose -12*b = -22*b - 1070. Let p = b - -23. Let l = p + 100. What is the units digit of l?
6
Let o be 2/3*15075/30. Let r = o + -264. What is the tens digit of r?
7
Let c(i) = 1068*i - 1907. What is the ten thousands digit of c(14)?
1
Let j(c) = 4*c**2 + 82*c + 293. What is the tens digit of j(-35)?
2
Suppose 7777 = s - 5*v, 6*s = 9*s - 5*v - 23281. What is the tens digit of s?
5
Suppose 4*l = l + 15. Suppose l*a = 2 - 32. What is the units digit of a/(-12) - 9/(-2)?
5
Let s = 6222 - -6601. What is the thousands digit of s?
2
Suppose 31 = -4*p - 5*q - 85, -140 = 4*p - q. Let k = p - -65. Let d = k - -96. What is the units digit of d?
7
Suppose -5*x - 223 = -2*z, 2*z = -x + 4*z - 51. Let c = x - -313. What is the hundreds digit of c?
2
Suppose w + 23560 = 3*q, 5*q = 9*q - 4*w - 31408. What is the units digit of q?
4
Suppose 3*t = -9*t. Suppose 2*d - 4*x - 50 = 0, -49 = -2*d + x + 4*x. Suppose t*w - 9*w + d = 0. What is the units digit of w?
3
Let v(k) = -119*k**3 - 3*k**2 - 9*k - 15. Suppose -1581*f + 1580*f - 2 = 0. What is the units digit of v(f)?
3
Suppose 5*w - 23 = 2*i, -w - 77 = 4*i + 2. Let p(c) = -c**3 - 20*c**2 - 26*c + 21. What is the units digit of p(i)?
4
Let p(a) = -3*a + 32. Let u(b) = 5*b - 48. Let z(o) = -8*p(o) - 5*u(o). Let g be z(19). What is the units digit of (20/(-6))/(g/(-9) + -4)?
0
Let a be ((-20862)/(-12))/19*(-10)/(-3). Let x(g) = -g**3 + 7*g**2 - 4*g + 12. Let s be x(9). Let j = a + s. What is the units digit of j?
9
Let b(y) = -3762*y - 6365. What is the thousands digit of b(-9)?
7
Let s(d) = -6*d**3 - 7*d**2 - 62*d - 495. What is the thousands digit of s(-16)?
3
Let n(p) = 64*p + 109. Let k be n(-4). What is the tens digit of (k/(-2))/(39/182)?
4
Let n(y) = -31*y + 82. Let j be (62/(-8))/(2/(14 + -6)). What is the thousands digit of n(j)?
1
Let q = -498 - -147. Let a = -70 - q. What is the tens digit of a?
8
Let s = 4373 + 5182. Suppose -5*y - 8*y + s = 0. What is the hundreds digit of y?
7
Suppose 28*o - 47*o + 45258 = 0. What is the thousands digit of o?
2
What is the tens digit of (-50)/(-35) - (-938382)/203?
2
Let h(c) = 85*c + 10. Let r(l) = -168*l - 18. Let m(w) = 5*h(w) + 3*r(w). What is the hundreds digit of m(-2)?
1
Suppose 0 = -27*p - 66301 + 287755. What is the thousands digit of p?
8
Suppose 46*t - 11055 = 43*t. Suppose 4*p = 15*p - t. What is the tens digit of p?
3
Let q be (-140)/(-3)*((-76)/(-16) - 1). Suppose -2*d = -2365 + q. What is the tens digit of d?
9
Let g be 2/12 + -19*39/18. Let w = g + 49. What is the units digit of 2/w*274 + (-7)/(-14)?
9
Let z = 68187 - 40759. What is the thousands digit of z?
7
Let z = 956 - 944. What is the units digit of 0/((z/2)/(-3)) - -64?
4
Suppose 16*t - 3*t = 58032. What is the tens digit of t?
6
Let u = 7949 + 289. What is the tens digit of u?
3
Let r = -405 - -1194. Suppose -r = -2*g + z, -2*g - 4*z = -6*g + 1580. What is the units digit of g?
4
Let s be ((-9170)/85 - 2/17) + 4. Suppose 3*r + 1174 = c, r + 5*c - 774 = 3*r. Let h = s - r. What is the tens digit of h?
8
Suppose 5*z + 4*r - 74391 = 0, z - 14865 = -16*r + 13*r. What is the hundreds digit of z?
8
Let h be 4 - ((-3)/3 + 3). Suppose 2*v = h*x + 16, 5 = -3*v + 4*x + 31. Suppose 2*d + v = -w + 21, -w + 22 = 3*d. What is the units digit of d?
7
Let j = -1045 - -1874. What is the hundreds digit of j?
8
Suppose 6341*a - 40264 = 6333*a. What is the units digit of a?
3
Let f = -14326 - -15685. What is the units digit of f?
9
Suppose -158*z = -154*z - 2*x - 34292, 2*z - 17156 = -4*x. What is the thousands digit of z?
8
Suppose 39*f - 1740146 = -36*f + 16*f. What is the tens digit of f?
9
Suppose 5*d = 11*j - 7*j - 15075, -2*j + d = -7545. What is the thousands digit of j?
3
Suppose 0 = 3*y - y + 30. Let d be (-502)/10 - (3 + 48/y). What is the tens 